5435 (base 10) in base 16?
-4f73b
1111011100000110 (base 2) to base 13
22a26
What is 1672c (base 14) in base 12?
286b0
Convert 42647 (base 8) to base 15.
543b
-34203510 (base 6) to base 14
-1d2070
24b85 (base 13) to base 3
10110010000
Convert -4ad80a (base 15) to base 10.
-3589435
22033223131 (base 4) to base 13
730564
67c74 (base 13) to base 11
119999
602440 (base 8) to base 2
110000010100100000
8a17b (base 12) to base 10
183407
What is 130231331 (base 4) in base 8?
345575
Convert 110000101100110101 (base 2) to base 15.
3e187
2b86c7 (base 13) to base 10
1075510
4054752 (base 8) to base 2
100000101100111101010
Convert 22011405 (base 6) to base 13.
19c0a9
Convert -111326 (base 15) to base 10.
-814086
Convert 406722 (base 10) to base 15.
8079c
-1111000100001101001 (base 2) to base 9
-832165
What is ac8b (base 14) in base 2?
111010011011011
What is 422447 (base 8) in base 16?
22527
What is -12122000120001 (base 3) in base 10?
-2992222
What is -21000112100202 (base 3) in base 9?
-7015322
Convert c151a5 (base 13) to base 16.
449806
-66c0 (base 15) to base 2
-101010100010100
Convert 101010100111001010 (base 2) to base 9.
285371
Convert 19997b7 (base 12) to base 7.
64100251
-1100221 (base 4) to base 7
-21022
Convert -66998 (base 13) to base 14.
-4bbd8
What is -113323112 (base 4) in base 2?
-10111111011010110
What is -121221011121 (base 3) in base 10?
-333277
Convert 13a5c9 (base 15) to base 11.
596a86
What is -1366098 (base 11) in base 9?
-4372436
What is -30232111 (base 5) in base 6?
-5111553
What is 244100315 (base 6) in base 15?
624b15
Convert -328357 (base 13) to base 7.
-13051633
-23a1a (base 11) to base 2
-1000011011001010
1407494 (base 10) to base 7
14651324
Convert 1003131212 (base 4) to base 9.
461038
-4674a9 (base 11) to base 8
-2651122
Convert 420616 (base 9) to base 6.
5204323
Convert -1456217 (base 10) to base 11.
-905094
What is 21120220210 (base 3) in base 2?
100100011110001001
What is 42341250 (base 8) in base 10?
9028264
82ba91 (base 12) to base 2
111110101001001001101
-2573105 (base 8) to base 11
-450826
461540 (base 8) to base 10
156512
45342220 (base 6) to base 5
323211202
3b56c (base 13) to base 7
640663
Convert -167025a (base 13) to base 2.
-11011101011001101111011
132505 (base 6) to base 13
5789
Convert -157039 (base 15) to base 14.
-1cd88b
What is -11a925 (base 15) in base 3?
-1120222020022
-100113001313 (base 4) to base 3
-22001212220012
What is 131b5 (base 16) in base 14?
20741
-c5241 (base 13) to base 8
-1263474
What is -a5c9c2 (base 14) in base 12?
-1a638a6
-776034 (base 8) to base 11
-169228
What is 339740 (base 12) in base 16?
c97e0
What is 116179a (base 11) in base 16?
1edd59
-121121202002 (base 3) to base 5
-40432014
What is 2d7d5b (base 16) in base 5?
1230344321
What is -1111001100101001000 (base 2) in base 9?
-838104
Convert 321411320 (base 5) to base 12.
555425
-1293791 (base 11) to base 16
-220864
What is -312034232 (base 5) in base 3?
-2102012220011
Convert 76a5149 (base 11) to base 6.
1201442440
-231300243 (base 6) to base 5
-2043102443
Convert 3012112200 (base 4) to base 7.
6622440
23331301 (base 5) to base 11
13723a
1ab329 (base 15) to base 9
2406013
Convert 10111111010000100 (base 2) to base 10.
97924
-43898 (base 14) to base 12
-7a812
What is -1568208 (base 11) in base 3?
-12000221011211
Convert 1231010033 (base 4) to base 15.
8c575
-48961 (base 15) to base 2
-111000100011000000
Convert 83664 (base 15) to base 12.
1810a1
Convert -446444 (base 11) to base 2.
-10101101101001110110
3125424 (base 7) to base 4
1123322211
Convert -412a03b (base 12) to base 16.
-baf1af
What is -507592 (base 10) in base 2?
-1111011111011001000
313303113 (base 4) to base 11
1467a9
What is 56ed7 (base 15) in base 13?
98c59
113021012 (base 4) to base 10
94790
-9cf050 (base 16) to base 7
-153264551
Convert -100001011100101011 (base 2) to base 12.
-6734b
Convert -2697271 (base 10) to base 14.
-502d83
Convert 301132323000 (base 4) to base 8.
61367300
What is 837cc (base 14) in base 6?
10444040
-5133567 (base 8) to base 2
-101001011011101110111
What is -77ac (base 15) in base 10?
-25362
What is 14608b (base 13) in base 4?
1321302102
Convert 523143 (base 6) to base 7.
233661
Convert 2077331 (base 8) to base 13.
16655a
-723411 (base 11) to base 15
-17e088
What is 37c084 (base 14) in base 11?
10990a9
Convert 1d0ac (base 14) to base 15.
16ee5
What is -5420361 (base 7) in base 16?
-a13f1
-130033034 (base 5) to base 2
-10011001001001000101
-130422420 (base 5) to base 8
-2340206
-3197c (base 15) to base 8
-463320
What is ae78 (base 16) in base 6?
542440
Convert -60727 (base 10) to base 13.
-21844
-3391938 (base 10) to base 16
-33c1c2
Convert -9760e (base 15) to base 7.
-4041131
What is 4a4bca (base 13) in base 10?
1781595
1627611 (base 10) to base 6
54515123
What is 122524 (base 6) in base 15?
33d1
Convert 12201221120011 (base 3) to base 6.
145211304
Convert -122203222012 (base 4) to base 8.
-32435206
Convert -1002432 (base 5) to base 11.
-11019
-599be (base 16) to base 3
-200122111000
-3104488 (base 9) to base 14
-311a72
-17693 (base 12) to base 16
-840f
Convert 1324231220 (base 5) to base 11.
198a4a8
Convert 2989689 (base 11) to base 5.
2302410021
317733a (base 12) to base 13
1c2b53c
Convert -10223233 (base 5) to base 15.
-1a77d
1001001101111010100 (base 2) to base 11
196a19
What is 3305240 (base 6) in base 9?
270546
What is -20222021101011 (base 3) in base 10?
-3705781
What is 11403423 (base 5) in base 9?
172367
-32b529 (base 13) to base 7
-13111010
Convert 251474 (base 8) to base 16.
1533c
What is 10201200101 (base 3) in base 7?
423661
What is -1386812 (base 10) in base 9?
-2543312
111101111101101 (base 2) to base 9
47460
-17125453 (base 9) to base 2
-100000101110100010101100
What is 130514441 (base 7) in base 4?
133300012013
What is -23004 (base 7) in base 13?
-286b
114220040 (base 5) to base 10
538770
-95b452 (base 13) to base 3
-20121021221000
What is 2003303232 (base 4) in base 6?
15323250
What is 3c357 (base 13) in base 12?
55216
What is -2aa072 (base 12) in base 14?
-14b394
What is -201222221112 (base 3) in base 12?
-16b958
Convert 75284 (base 10) to base 7.
432326
-4303425 (base 10) to base 4
-100122221001
22035201 (base 6) to base 13
1a07a9
What is -3266644 (base 7) in base 2?
-1100010011110010111
602405 (base 7) to base 15
2021e
Convert -21323030331 (base 4) to base 16.
-27b33d
Convert 16180b4 (base 14) to base 13.
23196c5
What is 261104 (base 8) in base 2?
10110001001000100
What is bb8159 (base 15) in base 14?
1289073
709c4 (base 16) to base 12
1a2b18
1d2f3 (base 16) to base 9
201871
What is -13030331 (base 7) in base 6?
-41212502
Convert -22a109 (base 15) to base 3.
-10010000211200
101100000011100110 (base 2) to base 8
540346
21d8979 (base 14) to base 6
1333302115
10020334232 (base 5) to base 3
200200200110112
Convert 1b5d0 (base 16) to base 8.
332720
868832 (base 9) to base 7
4255661
Convert 37f1a (base 16) to base 5.
24313041
1a3287 (base 13) to base 9
1221674
-4343424 (base 7) to base 16
-81d98
Convert -53011342 (base 7) to base 3.
-22102021121021
Convert -114d9 (base 16) to base 7.
-413425
Convert -1000212122200 (base 3) to base 2.
-10000101111101001101
What is -49f6a (base 16) in base 3?
-120101120112
What is -131233030 (base 4) in base 13?
-43597
Convert -12002201101 (base 3) to base 16.
-1882c
What is -566333 (base 8) in base 2?
-101110110011011011
-bd6cb5 (base 14) to base 10
-6434447
96357 (base 11) to base 10
140180
73440064 (base 8) to base 9
32337343
What is 987574 (base 11) in base 7?
16254321
112015420 (base 6) to base 11
1184282
What is 69c537 (base 15) in base 11?
2941899
Convert -1100442411 (base 5) to base 13.
-647a29
-14733cc (base 13) to base 16
-637986
Convert -564673 (base 9) to base 10.
-338079
-355250 (base 9) to base 11
-1366a8
Convert -1122000 (base 3) to base 4.
-102210
-532e0 (base 15) to base 13
-9317a
Convert 203136 (base 8) to base 3.
10102010122
Convert -12201102200222 (base 3) to base 11.
-1796866
2323667 (base 8) to base 7
5243531
Convert 412014 (base 5) to base 4.
3101020
Convert -2001202120021 (base 3) to base 14.
-207dad
Convert -79b38 (base 15) to base 10.
-387278
Convert 5ed52a (base 16) to base 7.
103553254
What is 2411000 (base 5) in base 8?
126724
Convert 261477 (base 8) to base 5.
1040